{"id":39,"date":"2017-02-16T13:53:33","date_gmt":"2017-02-16T12:53:33","guid":{"rendered":"http:\/\/lehuit.com\/wp8\/?page_id=39"},"modified":"2018-04-30T13:22:03","modified_gmt":"2018-04-30T11:22:03","slug":"deplacement","status":"publish","type":"page","link":"http:\/\/lehuit.com\/wp8\/le-huit\/deplacement\/","title":{"rendered":"D\u00e9placement"},"content":{"rendered":"<p>Une de nos principales activit\u00e9s est l&rsquo;organisation de d\u00e9placements afin d&rsquo;aller supporter notre \u00e9quipe \u00e0 l&rsquo;ext\u00e9rieur.<\/p>\n<p align=\"left\">Depuis notre premier d\u00e9placement en bus \u00e0 Narbonne en 1998, nous organisons pour chaque match \u00e0 l&rsquo;ext\u00e9rieur un d\u00e9placement en bus en essayant le plus possible de r\u00e9duire les fra\u00ees de nos supporters.<br \/>\nLe Huit est ainsi pass\u00e9 par tous les stades de France de TOP14 et a assist\u00e9 \u00e0 toutes les phases finales de Coupe d&rsquo;Europe depuis 2003 (Dublin, Twickenham,\u00a0Edimbourg, Cardiff, 6 bus pour la demi finale 2008 \u00e0 Bordeaux, 7 bus pour la finale 2008 \u00e0 Paris).<\/p>\n<p align=\"left\">D\u00e8s que l&rsquo;horaire du match nous le permet, nous passons l&rsquo;avant ou l&rsquo;apr\u00e8s match avec les supporters adverses.<\/p>\n<div id='gallery-1' class='gallery galleryid-39 gallery-columns-3 gallery-size-thumbnail'><figure class='gallery-item'>\n\t\t\t<div class='gallery-icon landscape'>\n\t\t\t\t<a href='http:\/\/lehuit.com\/wp8\/le-huit\/deplacement\/vignette_depl01\/'><img loading=\"lazy\" decoding=\"async\" width=\"150\" height=\"150\" src=\"http:\/\/lehuit.com\/wp8\/wp-content\/uploads\/2018\/04\/vignette_depl01-150x150.jpg\" class=\"attachment-thumbnail size-thumbnail\" alt=\"\" srcset=\"http:\/\/lehuit.com\/wp8\/wp-content\/uploads\/2018\/04\/vignette_depl01-150x150.jpg 150w, http:\/\/lehuit.com\/wp8\/wp-content\/uploads\/2018\/04\/vignette_depl01-60x60.jpg 60w\" sizes=\"auto, (max-width: 150px) 100vw, 150px\" \/><\/a>\n\t\t\t<\/div><\/figure><figure class='gallery-item'>\n\t\t\t<div class='gallery-icon landscape'>\n\t\t\t\t<a href='http:\/\/lehuit.com\/wp8\/le-huit\/deplacement\/vignette_depl02\/'><img loading=\"lazy\" decoding=\"async\" width=\"150\" height=\"150\" src=\"http:\/\/lehuit.com\/wp8\/wp-content\/uploads\/2018\/04\/vignette_depl02-150x150.jpg\" class=\"attachment-thumbnail size-thumbnail\" alt=\"\" srcset=\"http:\/\/lehuit.com\/wp8\/wp-content\/uploads\/2018\/04\/vignette_depl02-150x150.jpg 150w, http:\/\/lehuit.com\/wp8\/wp-content\/uploads\/2018\/04\/vignette_depl02-60x60.jpg 60w\" sizes=\"auto, (max-width: 150px) 100vw, 150px\" \/><\/a>\n\t\t\t<\/div><\/figure><figure class='gallery-item'>\n\t\t\t<div class='gallery-icon landscape'>\n\t\t\t\t<a href='http:\/\/lehuit.com\/wp8\/le-huit\/deplacement\/vignette_depl03\/'><img loading=\"lazy\" decoding=\"async\" width=\"150\" height=\"150\" src=\"http:\/\/lehuit.com\/wp8\/wp-content\/uploads\/2018\/04\/vignette_depl03-150x150.jpg\" class=\"attachment-thumbnail size-thumbnail\" alt=\"\" srcset=\"http:\/\/lehuit.com\/wp8\/wp-content\/uploads\/2018\/04\/vignette_depl03-150x150.jpg 150w, http:\/\/lehuit.com\/wp8\/wp-content\/uploads\/2018\/04\/vignette_depl03-60x60.jpg 60w\" sizes=\"auto, (max-width: 150px) 100vw, 150px\" \/><\/a>\n\t\t\t<\/div><\/figure><figure class='gallery-item'>\n\t\t\t<div class='gallery-icon landscape'>\n\t\t\t\t<a href='http:\/\/lehuit.com\/wp8\/le-huit\/deplacement\/vignette_depl04\/'><img loading=\"lazy\" decoding=\"async\" width=\"150\" height=\"150\" src=\"http:\/\/lehuit.com\/wp8\/wp-content\/uploads\/2018\/04\/vignette_depl04-150x150.jpg\" class=\"attachment-thumbnail size-thumbnail\" alt=\"\" srcset=\"http:\/\/lehuit.com\/wp8\/wp-content\/uploads\/2018\/04\/vignette_depl04-150x150.jpg 150w, http:\/\/lehuit.com\/wp8\/wp-content\/uploads\/2018\/04\/vignette_depl04-60x60.jpg 60w\" sizes=\"auto, (max-width: 150px) 100vw, 150px\" \/><\/a>\n\t\t\t<\/div><\/figure><figure class='gallery-item'>\n\t\t\t<div class='gallery-icon landscape'>\n\t\t\t\t<a href='http:\/\/lehuit.com\/wp8\/le-huit\/deplacement\/vignette_depl05\/'><img loading=\"lazy\" decoding=\"async\" width=\"150\" height=\"150\" src=\"http:\/\/lehuit.com\/wp8\/wp-content\/uploads\/2018\/04\/vignette_depl05-150x150.jpg\" class=\"attachment-thumbnail size-thumbnail\" alt=\"\" srcset=\"http:\/\/lehuit.com\/wp8\/wp-content\/uploads\/2018\/04\/vignette_depl05-150x150.jpg 150w, http:\/\/lehuit.com\/wp8\/wp-content\/uploads\/2018\/04\/vignette_depl05-60x60.jpg 60w\" sizes=\"auto, (max-width: 150px) 100vw, 150px\" \/><\/a>\n\t\t\t<\/div><\/figure><figure class='gallery-item'>\n\t\t\t<div class='gallery-icon portrait'>\n\t\t\t\t<a href='http:\/\/lehuit.com\/wp8\/le-huit\/deplacement\/vignette_depl06\/'><img loading=\"lazy\" decoding=\"async\" width=\"150\" height=\"150\" src=\"http:\/\/lehuit.com\/wp8\/wp-content\/uploads\/2018\/04\/vignette_depl06-150x150.jpg\" class=\"attachment-thumbnail size-thumbnail\" alt=\"\" srcset=\"http:\/\/lehuit.com\/wp8\/wp-content\/uploads\/2018\/04\/vignette_depl06-150x150.jpg 150w, http:\/\/lehuit.com\/wp8\/wp-content\/uploads\/2018\/04\/vignette_depl06-60x60.jpg 60w\" sizes=\"auto, (max-width: 150px) 100vw, 150px\" \/><\/a>\n\t\t\t<\/div><\/figure><figure class='gallery-item'>\n\t\t\t<div class='gallery-icon landscape'>\n\t\t\t\t<a href='http:\/\/lehuit.com\/wp8\/le-huit\/deplacement\/vignette_depl07\/'><img loading=\"lazy\" decoding=\"async\" width=\"150\" height=\"150\" src=\"http:\/\/lehuit.com\/wp8\/wp-content\/uploads\/2018\/04\/vignette_depl07-150x150.jpg\" class=\"attachment-thumbnail size-thumbnail\" alt=\"\" srcset=\"http:\/\/lehuit.com\/wp8\/wp-content\/uploads\/2018\/04\/vignette_depl07-150x150.jpg 150w, http:\/\/lehuit.com\/wp8\/wp-content\/uploads\/2018\/04\/vignette_depl07-60x60.jpg 60w\" sizes=\"auto, (max-width: 150px) 100vw, 150px\" \/><\/a>\n\t\t\t<\/div><\/figure><figure class='gallery-item'>\n\t\t\t<div class='gallery-icon landscape'>\n\t\t\t\t<a href='http:\/\/lehuit.com\/wp8\/le-huit\/deplacement\/vignette_depl08\/'><img loading=\"lazy\" decoding=\"async\" width=\"150\" height=\"150\" src=\"http:\/\/lehuit.com\/wp8\/wp-content\/uploads\/2018\/04\/vignette_depl08-150x150.jpg\" class=\"attachment-thumbnail size-thumbnail\" alt=\"\" srcset=\"http:\/\/lehuit.com\/wp8\/wp-content\/uploads\/2018\/04\/vignette_depl08-150x150.jpg 150w, http:\/\/lehuit.com\/wp8\/wp-content\/uploads\/2018\/04\/vignette_depl08-60x60.jpg 60w\" sizes=\"auto, (max-width: 150px) 100vw, 150px\" \/><\/a>\n\t\t\t<\/div><\/figure><figure class='gallery-item'>\n\t\t\t<div class='gallery-icon landscape'>\n\t\t\t\t<a href='http:\/\/lehuit.com\/wp8\/le-huit\/deplacement\/vignette_depl09\/'><img loading=\"lazy\" decoding=\"async\" width=\"150\" height=\"150\" src=\"http:\/\/lehuit.com\/wp8\/wp-content\/uploads\/2018\/04\/vignette_depl09-150x150.jpg\" class=\"attachment-thumbnail size-thumbnail\" alt=\"\" srcset=\"http:\/\/lehuit.com\/wp8\/wp-content\/uploads\/2018\/04\/vignette_depl09-150x150.jpg 150w, http:\/\/lehuit.com\/wp8\/wp-content\/uploads\/2018\/04\/vignette_depl09-60x60.jpg 60w\" sizes=\"auto, (max-width: 150px) 100vw, 150px\" \/><\/a>\n\t\t\t<\/div><\/figure><figure class='gallery-item'>\n\t\t\t<div class='gallery-icon landscape'>\n\t\t\t\t<a href='http:\/\/lehuit.com\/wp8\/le-huit\/deplacement\/vignette_depl10\/'><img loading=\"lazy\" decoding=\"async\" width=\"150\" height=\"150\" src=\"http:\/\/lehuit.com\/wp8\/wp-content\/uploads\/2018\/04\/vignette_depl10-150x150.jpg\" class=\"attachment-thumbnail size-thumbnail\" alt=\"\" srcset=\"http:\/\/lehuit.com\/wp8\/wp-content\/uploads\/2018\/04\/vignette_depl10-150x150.jpg 150w, http:\/\/lehuit.com\/wp8\/wp-content\/uploads\/2018\/04\/vignette_depl10-60x60.jpg 60w\" sizes=\"auto, (max-width: 150px) 100vw, 150px\" \/><\/a>\n\t\t\t<\/div><\/figure><figure class='gallery-item'>\n\t\t\t<div class='gallery-icon landscape'>\n\t\t\t\t<a href='http:\/\/lehuit.com\/wp8\/le-huit\/deplacement\/vignette_depl11\/'><img loading=\"lazy\" decoding=\"async\" width=\"150\" height=\"150\" src=\"http:\/\/lehuit.com\/wp8\/wp-content\/uploads\/2018\/04\/vignette_depl11-150x150.jpg\" class=\"attachment-thumbnail size-thumbnail\" alt=\"\" srcset=\"http:\/\/lehuit.com\/wp8\/wp-content\/uploads\/2018\/04\/vignette_depl11-150x150.jpg 150w, http:\/\/lehuit.com\/wp8\/wp-content\/uploads\/2018\/04\/vignette_depl11-60x60.jpg 60w\" sizes=\"auto, (max-width: 150px) 100vw, 150px\" \/><\/a>\n\t\t\t<\/div><\/figure><figure class='gallery-item'>\n\t\t\t<div class='gallery-icon landscape'>\n\t\t\t\t<a href='http:\/\/lehuit.com\/wp8\/le-huit\/deplacement\/vignette_depl12\/'><img loading=\"lazy\" decoding=\"async\" width=\"150\" height=\"150\" src=\"http:\/\/lehuit.com\/wp8\/wp-content\/uploads\/2018\/04\/vignette_depl12-150x150.jpg\" class=\"attachment-thumbnail size-thumbnail\" alt=\"\" srcset=\"http:\/\/lehuit.com\/wp8\/wp-content\/uploads\/2018\/04\/vignette_depl12-150x150.jpg 150w, http:\/\/lehuit.com\/wp8\/wp-content\/uploads\/2018\/04\/vignette_depl12-60x60.jpg 60w\" sizes=\"auto, (max-width: 150px) 100vw, 150px\" \/><\/a>\n\t\t\t<\/div><\/figure>\n\t\t<\/div>\n\n","protected":false},"excerpt":{"rendered":"<p>Une de nos principales activit\u00e9s est l&rsquo;organisation de d\u00e9placements afin d&rsquo;aller supporter notre \u00e9quipe \u00e0 l&rsquo;ext\u00e9rieur. Depuis notre premier d\u00e9placement en bus \u00e0 Narbonne en 1998, nous organisons pour chaque [&hellip;]<\/p>\n","protected":false},"author":1,"featured_media":0,"parent":13,"menu_order":3,"comment_status":"closed","ping_status":"closed","template":"","meta":{"_acf_changed":false,"_crdt_document":"","jetpack_post_was_ever_published":false,"footnotes":""},"class_list":["post-39","page","type-page","status-publish","hentry"],"blocksy_meta":[],"acf":[],"jetpack_sharing_enabled":true,"jetpack_shortlink":"https:\/\/wp.me\/P8plgw-D","_links":{"self":[{"href":"http:\/\/lehuit.com\/wp8\/wp-json\/wp\/v2\/pages\/39","targetHints":{"allow":["GET"]}}],"collection":[{"href":"http:\/\/lehuit.com\/wp8\/wp-json\/wp\/v2\/pages"}],"about":[{"href":"http:\/\/lehuit.com\/wp8\/wp-json\/wp\/v2\/types\/page"}],"author":[{"embeddable":true,"href":"http:\/\/lehuit.com\/wp8\/wp-json\/wp\/v2\/users\/1"}],"replies":[{"embeddable":true,"href":"http:\/\/lehuit.com\/wp8\/wp-json\/wp\/v2\/comments?post=39"}],"version-history":[{"count":3,"href":"http:\/\/lehuit.com\/wp8\/wp-json\/wp\/v2\/pages\/39\/revisions"}],"predecessor-version":[{"id":225,"href":"http:\/\/lehuit.com\/wp8\/wp-json\/wp\/v2\/pages\/39\/revisions\/225"}],"up":[{"embeddable":true,"href":"http:\/\/lehuit.com\/wp8\/wp-json\/wp\/v2\/pages\/13"}],"wp:attachment":[{"href":"http:\/\/lehuit.com\/wp8\/wp-json\/wp\/v2\/media?parent=39"}],"curies":[{"name":"wp","href":"https:\/\/api.w.org\/{rel}","templated":true}]}}