{"id":42,"date":"2017-02-16T13:54:16","date_gmt":"2017-02-16T12:54:16","guid":{"rendered":"http:\/\/lehuit.com\/wp8\/?page_id=42"},"modified":"2018-04-30T13:20:12","modified_gmt":"2018-04-30T11:20:12","slug":"match","status":"publish","type":"page","link":"http:\/\/lehuit.com\/wp8\/le-huit\/match\/","title":{"rendered":"Match"},"content":{"rendered":"<p>Afin de cr\u00e9er une osmose avec les supporters et cr\u00e9er une chaude ambiance dans les stades, le Huit dispose de 9 grosses caisses, de banderoles, d&rsquo;un tifo et d&rsquo;un maillot g\u00e9ant. L&rsquo;\u00e9poque des fumig\u00e8nes \u00e9tant r\u00e9volue, nous utilisons d\u00e9sormais des canons \u00e0 confettis.<\/p>\n<p>D\u00e8s que nous le pouvons, nous participons sous la direction du Stade Toulousain \u00e0 la mise en place d&rsquo;animations.<\/p>\n<p>Les avants ou apr\u00e8s matchs se d\u00e9roulent dans la bonne humeur autour d&rsquo;un repas avec parfois les supporters adverses avec qui nous entretenons de bonnes relations (Aupa BO, Penya de l&rsquo;Aspres, Supporters de Montpellier, &#8230;)<\/p>\n<p>&nbsp;<\/p>\n<div id='gallery-1' class='gallery galleryid-42 gallery-columns-3 gallery-size-thumbnail'><figure class='gallery-item'>\n\t\t\t<div class='gallery-icon landscape'>\n\t\t\t\t<a href='http:\/\/lehuit.com\/wp8\/le-huit\/match\/pvignette_match08\/'><img loading=\"lazy\" decoding=\"async\" width=\"150\" height=\"134\" src=\"http:\/\/lehuit.com\/wp8\/wp-content\/uploads\/2018\/04\/pvignette_match08-150x134.jpg\" class=\"attachment-thumbnail size-thumbnail\" alt=\"\" \/><\/a>\n\t\t\t<\/div><\/figure><figure class='gallery-item'>\n\t\t\t<div class='gallery-icon landscape'>\n\t\t\t\t<a href='http:\/\/lehuit.com\/wp8\/le-huit\/match\/pvignette_match09\/'><img loading=\"lazy\" decoding=\"async\" width=\"150\" height=\"135\" src=\"http:\/\/lehuit.com\/wp8\/wp-content\/uploads\/2018\/04\/pvignette_match09-150x135.jpg\" class=\"attachment-thumbnail size-thumbnail\" alt=\"\" \/><\/a>\n\t\t\t<\/div><\/figure><figure class='gallery-item'>\n\t\t\t<div class='gallery-icon landscape'>\n\t\t\t\t<a href='http:\/\/lehuit.com\/wp8\/le-huit\/match\/pvignette_match10\/'><img loading=\"lazy\" decoding=\"async\" width=\"150\" height=\"137\" src=\"http:\/\/lehuit.com\/wp8\/wp-content\/uploads\/2018\/04\/pvignette_match10-150x137.jpg\" class=\"attachment-thumbnail size-thumbnail\" alt=\"\" \/><\/a>\n\t\t\t<\/div><\/figure><figure class='gallery-item'>\n\t\t\t<div class='gallery-icon landscape'>\n\t\t\t\t<a href='http:\/\/lehuit.com\/wp8\/le-huit\/match\/pvignette_match11\/'><img loading=\"lazy\" decoding=\"async\" width=\"150\" height=\"136\" src=\"http:\/\/lehuit.com\/wp8\/wp-content\/uploads\/2018\/04\/pvignette_match11-150x136.jpg\" class=\"attachment-thumbnail size-thumbnail\" alt=\"\" \/><\/a>\n\t\t\t<\/div><\/figure><figure class='gallery-item'>\n\t\t\t<div class='gallery-icon landscape'>\n\t\t\t\t<a href='http:\/\/lehuit.com\/wp8\/le-huit\/match\/pvignette_match12\/'><img loading=\"lazy\" decoding=\"async\" width=\"150\" height=\"133\" src=\"http:\/\/lehuit.com\/wp8\/wp-content\/uploads\/2018\/04\/pvignette_match12-150x133.jpg\" class=\"attachment-thumbnail size-thumbnail\" alt=\"\" \/><\/a>\n\t\t\t<\/div><\/figure><figure class='gallery-item'>\n\t\t\t<div class='gallery-icon landscape'>\n\t\t\t\t<a href='http:\/\/lehuit.com\/wp8\/le-huit\/match\/vignette_apmatch01\/'><img loading=\"lazy\" decoding=\"async\" width=\"150\" height=\"150\" src=\"http:\/\/lehuit.com\/wp8\/wp-content\/uploads\/2018\/04\/vignette_apmatch01-150x150.jpg\" class=\"attachment-thumbnail size-thumbnail\" alt=\"\" srcset=\"http:\/\/lehuit.com\/wp8\/wp-content\/uploads\/2018\/04\/vignette_apmatch01-150x150.jpg 150w, http:\/\/lehuit.com\/wp8\/wp-content\/uploads\/2018\/04\/vignette_apmatch01-60x60.jpg 60w\" sizes=\"auto, (max-width: 150px) 100vw, 150px\" \/><\/a>\n\t\t\t<\/div><\/figure><figure class='gallery-item'>\n\t\t\t<div class='gallery-icon landscape'>\n\t\t\t\t<a href='http:\/\/lehuit.com\/wp8\/le-huit\/match\/vignette_apmatch02\/'><img loading=\"lazy\" decoding=\"async\" width=\"150\" height=\"150\" src=\"http:\/\/lehuit.com\/wp8\/wp-content\/uploads\/2018\/04\/vignette_apmatch02-150x150.jpg\" class=\"attachment-thumbnail size-thumbnail\" alt=\"\" srcset=\"http:\/\/lehuit.com\/wp8\/wp-content\/uploads\/2018\/04\/vignette_apmatch02-150x150.jpg 150w, http:\/\/lehuit.com\/wp8\/wp-content\/uploads\/2018\/04\/vignette_apmatch02-60x60.jpg 60w\" sizes=\"auto, (max-width: 150px) 100vw, 150px\" \/><\/a>\n\t\t\t<\/div><\/figure><figure class='gallery-item'>\n\t\t\t<div class='gallery-icon landscape'>\n\t\t\t\t<a href='http:\/\/lehuit.com\/wp8\/le-huit\/match\/vignette_apmatch03\/'><img loading=\"lazy\" decoding=\"async\" width=\"150\" height=\"150\" src=\"http:\/\/lehuit.com\/wp8\/wp-content\/uploads\/2018\/04\/vignette_apmatch03-150x150.jpg\" class=\"attachment-thumbnail size-thumbnail\" alt=\"\" srcset=\"http:\/\/lehuit.com\/wp8\/wp-content\/uploads\/2018\/04\/vignette_apmatch03-150x150.jpg 150w, http:\/\/lehuit.com\/wp8\/wp-content\/uploads\/2018\/04\/vignette_apmatch03-60x60.jpg 60w\" sizes=\"auto, (max-width: 150px) 100vw, 150px\" \/><\/a>\n\t\t\t<\/div><\/figure><figure class='gallery-item'>\n\t\t\t<div class='gallery-icon landscape'>\n\t\t\t\t<a href='http:\/\/lehuit.com\/wp8\/le-huit\/match\/vignette_apmatch04\/'><img loading=\"lazy\" decoding=\"async\" width=\"150\" height=\"150\" src=\"http:\/\/lehuit.com\/wp8\/wp-content\/uploads\/2018\/04\/vignette_apmatch04-150x150.jpg\" class=\"attachment-thumbnail size-thumbnail\" alt=\"\" srcset=\"http:\/\/lehuit.com\/wp8\/wp-content\/uploads\/2018\/04\/vignette_apmatch04-150x150.jpg 150w, http:\/\/lehuit.com\/wp8\/wp-content\/uploads\/2018\/04\/vignette_apmatch04-60x60.jpg 60w\" sizes=\"auto, (max-width: 150px) 100vw, 150px\" \/><\/a>\n\t\t\t<\/div><\/figure><figure class='gallery-item'>\n\t\t\t<div class='gallery-icon landscape'>\n\t\t\t\t<a href='http:\/\/lehuit.com\/wp8\/le-huit\/match\/vignette_apmatch05\/'><img loading=\"lazy\" decoding=\"async\" width=\"150\" height=\"150\" src=\"http:\/\/lehuit.com\/wp8\/wp-content\/uploads\/2018\/04\/vignette_apmatch05-150x150.jpg\" class=\"attachment-thumbnail size-thumbnail\" alt=\"\" srcset=\"http:\/\/lehuit.com\/wp8\/wp-content\/uploads\/2018\/04\/vignette_apmatch05-150x150.jpg 150w, http:\/\/lehuit.com\/wp8\/wp-content\/uploads\/2018\/04\/vignette_apmatch05-60x60.jpg 60w\" sizes=\"auto, (max-width: 150px) 100vw, 150px\" \/><\/a>\n\t\t\t<\/div><\/figure><figure class='gallery-item'>\n\t\t\t<div class='gallery-icon landscape'>\n\t\t\t\t<a href='http:\/\/lehuit.com\/wp8\/le-huit\/match\/vignette_apmatch06\/'><img loading=\"lazy\" decoding=\"async\" width=\"150\" height=\"150\" src=\"http:\/\/lehuit.com\/wp8\/wp-content\/uploads\/2018\/04\/vignette_apmatch06-150x150.jpg\" class=\"attachment-thumbnail size-thumbnail\" alt=\"\" srcset=\"http:\/\/lehuit.com\/wp8\/wp-content\/uploads\/2018\/04\/vignette_apmatch06-150x150.jpg 150w, http:\/\/lehuit.com\/wp8\/wp-content\/uploads\/2018\/04\/vignette_apmatch06-60x60.jpg 60w\" sizes=\"auto, (max-width: 150px) 100vw, 150px\" \/><\/a>\n\t\t\t<\/div><\/figure><figure class='gallery-item'>\n\t\t\t<div class='gallery-icon landscape'>\n\t\t\t\t<a href='http:\/\/lehuit.com\/wp8\/le-huit\/match\/vignette_match01\/'><img loading=\"lazy\" decoding=\"async\" width=\"150\" height=\"150\" src=\"http:\/\/lehuit.com\/wp8\/wp-content\/uploads\/2018\/04\/vignette_match01-150x150.jpg\" class=\"attachment-thumbnail size-thumbnail\" alt=\"\" srcset=\"http:\/\/lehuit.com\/wp8\/wp-content\/uploads\/2018\/04\/vignette_match01-150x150.jpg 150w, http:\/\/lehuit.com\/wp8\/wp-content\/uploads\/2018\/04\/vignette_match01-60x60.jpg 60w\" sizes=\"auto, (max-width: 150px) 100vw, 150px\" \/><\/a>\n\t\t\t<\/div><\/figure><figure class='gallery-item'>\n\t\t\t<div class='gallery-icon landscape'>\n\t\t\t\t<a href='http:\/\/lehuit.com\/wp8\/le-huit\/match\/vignette_match02\/'><img loading=\"lazy\" decoding=\"async\" width=\"150\" height=\"150\" src=\"http:\/\/lehuit.com\/wp8\/wp-content\/uploads\/2018\/04\/vignette_match02-150x150.jpg\" class=\"attachment-thumbnail size-thumbnail\" alt=\"\" srcset=\"http:\/\/lehuit.com\/wp8\/wp-content\/uploads\/2018\/04\/vignette_match02-150x150.jpg 150w, http:\/\/lehuit.com\/wp8\/wp-content\/uploads\/2018\/04\/vignette_match02-60x60.jpg 60w\" sizes=\"auto, (max-width: 150px) 100vw, 150px\" \/><\/a>\n\t\t\t<\/div><\/figure><figure class='gallery-item'>\n\t\t\t<div class='gallery-icon landscape'>\n\t\t\t\t<a href='http:\/\/lehuit.com\/wp8\/le-huit\/match\/vignette_match07\/'><img loading=\"lazy\" decoding=\"async\" width=\"150\" height=\"150\" src=\"http:\/\/lehuit.com\/wp8\/wp-content\/uploads\/2018\/04\/vignette_match07-150x150.jpg\" class=\"attachment-thumbnail size-thumbnail\" alt=\"\" srcset=\"http:\/\/lehuit.com\/wp8\/wp-content\/uploads\/2018\/04\/vignette_match07-150x150.jpg 150w, http:\/\/lehuit.com\/wp8\/wp-content\/uploads\/2018\/04\/vignette_match07-60x60.jpg 60w\" sizes=\"auto, (max-width: 150px) 100vw, 150px\" \/><\/a>\n\t\t\t<\/div><\/figure><figure class='gallery-item'>\n\t\t\t<div class='gallery-icon portrait'>\n\t\t\t\t<a href='http:\/\/lehuit.com\/wp8\/le-huit\/match\/vignette_match05\/'><img loading=\"lazy\" decoding=\"async\" width=\"150\" height=\"150\" src=\"http:\/\/lehuit.com\/wp8\/wp-content\/uploads\/2018\/04\/vignette_match05-150x150.jpg\" class=\"attachment-thumbnail size-thumbnail\" alt=\"\" srcset=\"http:\/\/lehuit.com\/wp8\/wp-content\/uploads\/2018\/04\/vignette_match05-150x150.jpg 150w, http:\/\/lehuit.com\/wp8\/wp-content\/uploads\/2018\/04\/vignette_match05-60x60.jpg 60w\" sizes=\"auto, (max-width: 150px) 100vw, 150px\" \/><\/a>\n\t\t\t<\/div><\/figure><figure class='gallery-item'>\n\t\t\t<div class='gallery-icon landscape'>\n\t\t\t\t<a href='http:\/\/lehuit.com\/wp8\/le-huit\/match\/vignette_match06\/'><img loading=\"lazy\" decoding=\"async\" width=\"150\" height=\"150\" src=\"http:\/\/lehuit.com\/wp8\/wp-content\/uploads\/2018\/04\/vignette_match06-150x150.jpg\" class=\"attachment-thumbnail size-thumbnail\" alt=\"\" srcset=\"http:\/\/lehuit.com\/wp8\/wp-content\/uploads\/2018\/04\/vignette_match06-150x150.jpg 150w, http:\/\/lehuit.com\/wp8\/wp-content\/uploads\/2018\/04\/vignette_match06-60x60.jpg 60w\" sizes=\"auto, (max-width: 150px) 100vw, 150px\" \/><\/a>\n\t\t\t<\/div><\/figure>\n\t\t<\/div>\n\n","protected":false},"excerpt":{"rendered":"<p>Afin de cr\u00e9er une osmose avec les supporters et cr\u00e9er une chaude ambiance dans les stades, le Huit dispose de 9 grosses caisses, de banderoles, d&rsquo;un tifo et d&rsquo;un maillot [&hellip;]<\/p>\n","protected":false},"author":1,"featured_media":0,"parent":13,"menu_order":4,"comment_status":"closed","ping_status":"closed","template":"","meta":{"_acf_changed":false,"_crdt_document":"","jetpack_post_was_ever_published":false,"footnotes":""},"class_list":["post-42","page","type-page","status-publish","hentry"],"blocksy_meta":[],"acf":[],"jetpack_sharing_enabled":true,"jetpack_shortlink":"https:\/\/wp.me\/P8plgw-G","_links":{"self":[{"href":"http:\/\/lehuit.com\/wp8\/wp-json\/wp\/v2\/pages\/42","targetHints":{"allow":["GET"]}}],"collection":[{"href":"http:\/\/lehuit.com\/wp8\/wp-json\/wp\/v2\/pages"}],"about":[{"href":"http:\/\/lehuit.com\/wp8\/wp-json\/wp\/v2\/types\/page"}],"author":[{"embeddable":true,"href":"http:\/\/lehuit.com\/wp8\/wp-json\/wp\/v2\/users\/1"}],"replies":[{"embeddable":true,"href":"http:\/\/lehuit.com\/wp8\/wp-json\/wp\/v2\/comments?post=42"}],"version-history":[{"count":4,"href":"http:\/\/lehuit.com\/wp8\/wp-json\/wp\/v2\/pages\/42\/revisions"}],"predecessor-version":[{"id":212,"href":"http:\/\/lehuit.com\/wp8\/wp-json\/wp\/v2\/pages\/42\/revisions\/212"}],"up":[{"embeddable":true,"href":"http:\/\/lehuit.com\/wp8\/wp-json\/wp\/v2\/pages\/13"}],"wp:attachment":[{"href":"http:\/\/lehuit.com\/wp8\/wp-json\/wp\/v2\/media?parent=42"}],"curies":[{"name":"wp","href":"https:\/\/api.w.org\/{rel}","templated":true}]}}